{"id":74,"date":"2021-03-24T09:51:20","date_gmt":"2021-03-24T12:51:20","guid":{"rendered":"https:\/\/bioalfa.com.br\/site\/?page_id=74"},"modified":"2021-11-18T11:02:30","modified_gmt":"2021-11-18T14:02:30","slug":"sobre-nos","status":"publish","type":"page","link":"https:\/\/bioalfa.com.br\/site\/sobre-nos\/","title":{"rendered":"Sobre N\u00f3s"},"content":{"rendered":"\t<section class=\"section has-parallax\" id=\"section_739550362\">\n\t\t<div class=\"bg section-bg fill bg-fill  \" data-parallax-container=\".section\" data-parallax-background data-parallax=\"-10\">\n\n\t\t\t\n\t\t\t<div class=\"section-bg-overlay absolute fill\"><\/div>\n\t\t\t\n\n\t\t<\/div>\n\n\t\t<div class=\"section-content relative\">\n\t\t\t\n<h1 class=\"uppercase\" style=\"text-align: center;\"><span style=\"font-size: 150%; color: #90cd49;\">Sobre N\u00f3s<\/span><\/h1>\n<div class=\"row align-center\"  id=\"row-61656903\">\n\n\t<div class=\"col medium-10 small-12 large-10\"  >\n\t\t<div class=\"col-inner\"  >\n\t\t\t\n\t\t\t\n<p style=\"text-align: justify;\"><span style=\"color: #000000; font-size: 110%;\"><span style=\"color: #90cd49;\"><strong>A BIOALFA\u00ae<\/strong><\/span> \u00e9 uma empresa oriunda de uma Startup de PD&amp;I &#8211; Pesquisa, Desenvolvimento e Inova\u00e7\u00e3o que utiliza ferramentas como: nanotecnologia, biotecnologia, f\u00edsico-qu\u00edmica e agrobiologia.<br \/>Inova\u00e7\u00e3o \u00e9 a palavra que vem norteando diversos setores da economia mundial, em que empresas est\u00e3o aproveitando da tecnologia, novos produtos e novos processos para reduzirem a utiliza\u00e7\u00e3o de recursos naturais e ampliar a produ\u00e7\u00e3o de forma eficiente.<br \/>Somos especialistas, nosso DNA est\u00e1 baseado na ci\u00eancia e desenvolvimento tecnol\u00f3gico sustent\u00e1vel. Isso \u00e9 nosso fundamento!<br \/>Nossos produtos e sistemas s\u00e3o desenvolvidos desde a bancada de laborat\u00f3rios por pesquisadores e cientistas, avaliados por engenheiros agr\u00f4nomos no campo, validados e recomendados por consultores espec\u00edficos para cada cultura.<br \/>Garantindo ao agricultor o acesso a tecnologias in\u00e9ditas no Brasil, que o tornem cada vez mais competitivo buscando alt\u00edssimas produtividades aliadas a custo-benef\u00edcio e seguran\u00e7a alimentar.<br \/>Nossas pesquisas proporcionam resultados de alta performance, caminhando lado a lado com as institui\u00e7\u00f5es a agricultores.<br \/><\/span><\/p>\n\t\t<\/div>\n\t<\/div>\n\n\t\n\n<style scope=\"scope\">\n\n<\/style>\n<\/div>\n\t\t<\/div>\n\n\t\t\n<style scope=\"scope\">\n\n#section_739550362 {\n  padding-top: 30px;\n  padding-bottom: 30px;\n}\n#section_739550362 .section-bg-overlay {\n  background-color: rgba(255, 255, 255, 0.8);\n}\n#section_739550362 .section-bg.bg-loaded {\n  background-image: url(https:\/\/bioalfa.com.br\/site\/wp-content\/uploads\/2021\/06\/bg23123.png);\n}\n#section_739550362 .section-bg {\n  background-position: 7% 71%;\n}\n<\/style>\n\t<\/section>\n\t\n\t<section class=\"section\" id=\"section_1221428729\">\n\t\t<div class=\"bg section-bg fill bg-fill  bg-loaded\" >\n\n\t\t\t\n\t\t\t\n\t\t\t\n\n\t\t<\/div>\n\n\t\t<div class=\"section-content relative\">\n\t\t\t\n<div class=\"row row-collapse row-full-width align-middle\"  id=\"row-621639264\">\n\n\t<div class=\"col medium-12 small-12 large-6\"  data-animate=\"fadeInLeft\">\n\t\t<div class=\"col-inner\" style=\"padding:0px 30px 0px 30px;\" >\n\t\t\t\n\t\t\t\n<h1 style=\"text-align: center;\"><span style=\"color: #90cd49;\"><strong>DIFERENCIAIS TECNOL\u00d3GICOS<\/strong><\/span><\/h1>\n<ul style=\"text-align: justify;\">\n<li><span style=\"color: #000000;\">A\u00e7\u00e3o tensoativa oferece uma cobertura uniforme, altera a caracter\u00edstica da camada lip\u00eddica da parede celular;<\/span><\/li>\n<li><span style=\"color: #000000;\">Mix de componentes com geometria molecular e polaridade espec\u00edfica; Aumento no transporte de el\u00e9trons, criando mecanismos para otimizar e acelera o metabolismo; aumenta a transloca\u00e7\u00e3o no que induz a resist\u00eancia das plantas aos pat\u00f3genos;<\/span><\/li>\n<li><span style=\"color: #000000;\">Sistema micelar com din\u00e2mica de hidrofobicidade e eletrost\u00e1tica que modificam as velocidades das rea\u00e7\u00f5es e facilitam a absor\u00e7\u00e3o, penetra\u00e7\u00e3o e bioviabilidade dos nutrientes e ativos;<\/span><\/li>\n<li><span style=\"color: #000000;\">Ingredientes de origem natural que aumentam o tempo de biodisponibilidade para melhor absor\u00e7\u00e3o da planta, atrav\u00e9s da umecta\u00e7\u00e3o, inclusive com capacidade de absor\u00e7\u00e3o durante o re &#8211; hidrata\u00e7\u00e3o ;<\/span><\/li>\n<\/ul>\n<p style=\"text-align: justify;\">\u00a0<\/p>\n\t\t<\/div>\n\t<\/div>\n\n\t\n\n\t<div class=\"col medium-12 small-12 large-6\"  >\n\t\t<div class=\"col-inner\"  >\n\t\t\t\n\t\t\t\n\n  <div class=\"banner has-hover\" id=\"banner-1340853318\">\n          <div class=\"banner-inner fill\">\n        <div class=\"banner-bg fill\" >\n            <div class=\"bg fill bg-fill \"><\/div>\n                                    \n                    <\/div>\n        <div class=\"banner-layers container\">\n            <div class=\"fill banner-link\"><\/div>            \n        <\/div>\n      <\/div>\n\n            \n<style scope=\"scope\">\n\n#banner-1340853318 {\n  padding-top: 93%;\n}\n#banner-1340853318 .bg.bg-loaded {\n  background-image: url(https:\/\/bioalfa.com.br\/site\/wp-content\/uploads\/2021\/06\/Bg3.1.png);\n}\n<\/style>\n  <\/div>\n\n\n\t\t<\/div>\n\t<\/div>\n\n\t\n\n\t<div class=\"col medium-12 small-12 large-6\"  >\n\t\t<div class=\"col-inner\"  >\n\t\t\t\n\t\t\t\n\n  <div class=\"banner has-hover\" id=\"banner-2095017938\">\n          <div class=\"banner-inner fill\">\n        <div class=\"banner-bg fill\" >\n            <div class=\"bg fill bg-fill \"><\/div>\n                                    \n                    <\/div>\n        <div class=\"banner-layers container\">\n            <div class=\"fill banner-link\"><\/div>            \n        <\/div>\n      <\/div>\n\n            \n<style scope=\"scope\">\n\n#banner-2095017938 {\n  padding-top: 93%;\n}\n#banner-2095017938 .bg.bg-loaded {\n  background-image: url(https:\/\/bioalfa.com.br\/site\/wp-content\/uploads\/2021\/06\/bg4.1.png);\n}\n<\/style>\n  <\/div>\n\n\n\t\t<\/div>\n\t<\/div>\n\n\t\n\n\t<div class=\"col medium-12 small-12 large-6\"  data-animate=\"fadeInLeft\">\n\t\t<div class=\"col-inner\" style=\"padding:0px 30px 0px 30px;\" >\n\t\t\t\n\t\t\t\n<h1 style=\"text-align: center;\"><span style=\"color: #90cd49;\"><strong>COMO A PLANTA REAGE AOS NOSSOS DIFERENCIAIS TECNOL\u00d3GICOS<\/strong><\/span><\/h1>\n<p style=\"text-align: justify;\"><span style=\"color: #000000;\">Aumento no transporte de el\u00e9trons, criando mecanismos para otimizar e acelera o metabolismo; aumenta a transloca\u00e7\u00e3o no que induz a resist\u00eancia das plantas aos pat\u00f3genos;<\/span><\/p>\n<p style=\"text-align: justify;\"><span style=\"color: #000000;\">Por ser um produto com componentes naturais a \u00a0planta apresenta maior afinidade e os componentes do produto realizam maior intera\u00e7\u00e3o\u00a0 com os est\u00f4matos e poros hidr\u00f3filos , integrando-se facilmente ao metabolismo da planta.<\/span><\/p>\n<p style=\"text-align: justify;\"><span style=\"color: #000000;\">Essas intera\u00e7\u00f5es atuando\u00a0 em\u00a0 conjunto fazem com que os nutrientes e ativos trabalhem de \u00a0forma acelerada e constante ( elicitores ), desta forma a planta apresenta uma resposta mais r\u00e1pida para\u00a0 ganhos de produtividade.<\/span><\/p>\n<h1 style=\"text-align: center;\"><span style=\"color: #90cd49;\"><strong>Nossa produ\u00e7\u00e3o <\/strong><\/span><\/h1>\n<p style=\"text-align: justify;\"><span style=\"color: #000000;\">Atualmente temos 1 laborat\u00f3rio de P&amp;D anexo a uma planta-piloto em BRODOWSKI-SP; 1 Laborat\u00f3rio de apoio\u00a0 dentro da universidade, 3 plantas industriais terceirizadas e homologadas\u00a0 no interior de SP e MT.<\/span><\/p>\n\t\t<\/div>\n\t<\/div>\n\n\t\n\n<style scope=\"scope\">\n\n<\/style>\n<\/div>\n<div class=\"row row-collapse\"  id=\"row-460716594\">\n\n\t<div class=\"col medium-12 small-12 large-4\"  data-animate=\"fadeInLeft\">\n\t\t<div class=\"col-inner\" style=\"padding:0px 30px 0px 30px;\" >\n\t\t\t\n\t\t\t\n\n\t\t<div class=\"icon-box featured-box icon-box-center text-center\"  >\n\t\t\t\t\t<div class=\"icon-box-img\" style=\"width: 99px\">\n\t\t\t\t<div class=\"icon\">\n\t\t\t\t\t<div class=\"icon-inner\" >\n\t\t\t\t\t\t<img width=\"100\" height=\"100\" src=\"https:\/\/bioalfa.com.br\/site\/wp-content\/uploads\/2021\/11\/icons8-ratings-100-verde.png\" class=\"attachment-medium size-medium\" alt=\"\" loading=\"lazy\" \/>\t\t\t\t\t<\/div>\n\t\t\t\t<\/div>\n\t\t\t<\/div>\n\t\t\t\t<div class=\"icon-box-text last-reset\">\n\t\t\t\t\t\t\t\t\t\n<h1 style=\"text-align: center;\"><span style=\"color: #90cd49;\"><strong>Miss\u00e3o:<\/strong><\/span><\/h1>\n<p style=\"text-align: justify;\"><span style=\"color: #000000;\">Construir um mundo melhor a partir de inova\u00e7\u00f5es tecnol\u00f3gicas\u00a0 que permitam a produ\u00e7\u00e3o de alimentos mais saud\u00e1veis e seguros, colaborando ativamente para o aumento da produtividade, garantindo um equil\u00edbrio entre o fator econ\u00f4mico e a prote\u00e7\u00e3o ambiental. Impactar positivamente em nossas esferas de atua\u00e7\u00e3o e assim promover uma evolu\u00e7\u00e3o nos sistemas produtivos.<\/span><\/p>\n\t\t<\/div>\n\t<\/div>\n\t\n\t\n\t\t<\/div>\n\t<\/div>\n\n\t\n\n\t<div class=\"col medium-12 small-12 large-4\"  data-animate=\"fadeInLeft\">\n\t\t<div class=\"col-inner\" style=\"padding:0px 30px 0px 30px;\" >\n\t\t\t\n\t\t\t\n\n\t\t<div class=\"icon-box featured-box icon-box-center text-center\"  >\n\t\t\t\t\t<div class=\"icon-box-img\" style=\"width: 99px\">\n\t\t\t\t<div class=\"icon\">\n\t\t\t\t\t<div class=\"icon-inner\" >\n\t\t\t\t\t\t<img width=\"100\" height=\"100\" src=\"https:\/\/bioalfa.com.br\/site\/wp-content\/uploads\/2021\/11\/icons8-file-preview-100verde.png\" class=\"attachment-medium size-medium\" alt=\"\" loading=\"lazy\" \/>\t\t\t\t\t<\/div>\n\t\t\t\t<\/div>\n\t\t\t<\/div>\n\t\t\t\t<div class=\"icon-box-text last-reset\">\n\t\t\t\t\t\t\t\t\t\n<h1 style=\"text-align: center;\"><span style=\"color: #90cd49;\"><strong>Vis\u00e3o:<\/strong><\/span><\/h1>\n<p style=\"text-align: jusfity;\"><span style=\"color: #000000;\">Ser reconhecida como refer\u00eancia global no fornecimento de biotecnologia, objetivando resultados de excel\u00eancia em produtividade, biosseguran\u00e7a e sustentabilidade. Acreditamos na ado\u00e7\u00e3o de tecnologias mais equ\u00e2nimes entre produ\u00e7\u00e3o e preserva\u00e7\u00e3o, desta forma investimos esfor\u00e7os\u00a0 incessantemente para aperfei\u00e7oar nossos produtos e solu\u00e7\u00f5es, assim atendendo ao que nossa empresa se prop\u00f5e a fazer, que \u00e9 contribui\u00e7\u00e3o para uma sociedade melhor.<\/span><\/p>\n\t\t<\/div>\n\t<\/div>\n\t\n\t\n\t\t<\/div>\n\t<\/div>\n\n\t\n\n\t<div class=\"col medium-12 small-12 large-4\"  data-animate=\"fadeInLeft\">\n\t\t<div class=\"col-inner\" style=\"padding:0px 30px 0px 30px;\" >\n\t\t\t\n\t\t\t\n\n\t\t<div class=\"icon-box featured-box icon-box-center text-center\"  >\n\t\t\t\t\t<div class=\"icon-box-img\" style=\"width: 99px\">\n\t\t\t\t<div class=\"icon\">\n\t\t\t\t\t<div class=\"icon-inner\" >\n\t\t\t\t\t\t<img width=\"90\" height=\"90\" src=\"https:\/\/bioalfa.com.br\/site\/wp-content\/uploads\/2021\/11\/icons8-honesty-90-verde.png\" class=\"attachment-medium size-medium\" alt=\"\" loading=\"lazy\" \/>\t\t\t\t\t<\/div>\n\t\t\t\t<\/div>\n\t\t\t<\/div>\n\t\t\t\t<div class=\"icon-box-text last-reset\">\n\t\t\t\t\t\t\t\t\t\n<h1 style=\"text-align: center;\"><span style=\"color: #90cd49;\"><strong>Valores:<\/strong><\/span><\/h1>\n<p style=\"text-align: justify;\"><span style=\"color: #000000;\">A concep\u00e7\u00e3o da nossa marca traz em seu DNA a jun\u00e7\u00e3o de elementos que traduzem nossa ess\u00eancia, (Bio \u2013 Vida\u00a0 e Alfa \u2013 aquilo que d\u00e1 origem). Por tanto a Bioalfa tem como valor maior a preserva\u00e7\u00e3o e respeito a vida, \u00e0 medida que nossa tecnologia gera produtividade, trazendo integridade e equil\u00edbrio nas dimens\u00f5es sociais, econ\u00f4micas, ambientais e nosso maior\u00a0 patrim\u00f4nio , as vidas que se conectam \u00e0 ess\u00eancia dos nossos produtos.<\/span><\/p>\n<ul>\n<li style=\"text-align: justify;\"><span style=\"color: #000000;\">Alimentos mais saud\u00e1veis e seguros<\/span><\/li>\n<li style=\"text-align: justify;\"><span style=\"color: #000000;\">Ajuda Agr\u00edcola Personalizada<\/span><\/li>\n<li style=\"text-align: justify;\"><span style=\"color: #000000;\">A maneira mais f\u00e1cil de obter o que precisa<\/span><\/li>\n<\/ul>\n\t\t<\/div>\n\t<\/div>\n\t\n\t\n\t\t<\/div>\n\t<\/div>\n\n\t\n\n<style scope=\"scope\">\n\n<\/style>\n<\/div>\n\t\t<\/div>\n\n\t\t\n<style scope=\"scope\">\n\n#section_1221428729 {\n  padding-top: 30px;\n  padding-bottom: 30px;\n}\n<\/style>\n\t<\/section>\n\t\n","protected":false},"excerpt":{"rendered":"","protected":false},"author":1,"featured_media":0,"parent":0,"menu_order":0,"comment_status":"closed","ping_status":"closed","template":"page-blank.php","meta":[],"_links":{"self":[{"href":"https:\/\/bioalfa.com.br\/site\/wp-json\/wp\/v2\/pages\/74"}],"collection":[{"href":"https:\/\/bioalfa.com.br\/site\/wp-json\/wp\/v2\/pages"}],"about":[{"href":"https:\/\/bioalfa.com.br\/site\/wp-json\/wp\/v2\/types\/page"}],"author":[{"embeddable":true,"href":"https:\/\/bioalfa.com.br\/site\/wp-json\/wp\/v2\/users\/1"}],"replies":[{"embeddable":true,"href":"https:\/\/bioalfa.com.br\/site\/wp-json\/wp\/v2\/comments?post=74"}],"version-history":[{"count":19,"href":"https:\/\/bioalfa.com.br\/site\/wp-json\/wp\/v2\/pages\/74\/revisions"}],"predecessor-version":[{"id":413,"href":"https:\/\/bioalfa.com.br\/site\/wp-json\/wp\/v2\/pages\/74\/revisions\/413"}],"wp:attachment":[{"href":"https:\/\/bioalfa.com.br\/site\/wp-json\/wp\/v2\/media?parent=74"}],"curies":[{"name":"wp","href":"https:\/\/api.w.org\/{rel}","templated":true}]}}