{"id":140,"date":"2021-03-24T11:37:32","date_gmt":"2021-03-24T14:37:32","guid":{"rendered":"https:\/\/bioalfa.com.br\/site\/?page_id=140"},"modified":"2021-11-18T16:21:58","modified_gmt":"2021-11-18T19:21:58","slug":"delta","status":"publish","type":"page","link":"https:\/\/bioalfa.com.br\/site\/delta\/","title":{"rendered":"Delta***"},"content":{"rendered":"\t<section class=\"section\" id=\"section_2144748961\">\n\t\t<div class=\"bg section-bg fill bg-fill  bg-loaded\" >\n\n\t\t\t\n\t\t\t\n\t\t\t\n\n\t\t<\/div>\n\n\t\t<div class=\"section-content relative\">\n\t\t\t\n<div class=\"row\"  id=\"row-1794538657\">\n\n\t<div class=\"col medium-10 small-12 large-10\"  data-animate=\"fadeInUp\">\n\t\t<div class=\"col-inner text-center\"  >\n\t\t\t\n\t\t\t\n\t<div class=\"img has-hover x md-x lg-x y md-y lg-y\" id=\"image_1876824392\">\n\t\t\t\t\t\t\t\t<div class=\"img-inner dark\" >\n\t\t\t<img width=\"1280\" height=\"914\" src=\"https:\/\/bioalfa.com.br\/site\/wp-content\/uploads\/2021\/11\/A4.jpeg\" class=\"attachment-original size-original\" alt=\"\" loading=\"lazy\" srcset=\"https:\/\/bioalfa.com.br\/site\/wp-content\/uploads\/2021\/11\/A4.jpeg 1280w, https:\/\/bioalfa.com.br\/site\/wp-content\/uploads\/2021\/11\/A4-300x214.jpeg 300w, https:\/\/bioalfa.com.br\/site\/wp-content\/uploads\/2021\/11\/A4-1024x731.jpeg 1024w, https:\/\/bioalfa.com.br\/site\/wp-content\/uploads\/2021\/11\/A4-768x548.jpeg 768w\" sizes=\"(max-width: 1280px) 100vw, 1280px\" \/>\t\t\t\t\t\t\n\t\t\t\t\t<\/div>\n\t\t\t\t\t\t\t\t\n<style scope=\"scope\">\n\n#image_1876824392 {\n  width: 50%;\n}\n<\/style>\n\t<\/div>\n\t\n\t\t<\/div>\n\t<\/div>\n\n\t\n\n\t<div class=\"col medium-2 small-12 large-2\"  >\n\t\t<div class=\"col-inner\"  >\n\t\t\t\n\t\t\t\n\t<div class=\"img has-hover x md-x lg-x y md-y lg-y\" id=\"image_69462141\">\n\t\t\t\t\t\t\t\t<div class=\"img-inner dark\" >\n\t\t\t<img width=\"1020\" height=\"847\" src=\"https:\/\/bioalfa.com.br\/site\/wp-content\/uploads\/2021\/04\/sdf-1-1024x850.png\" class=\"attachment-large size-large\" alt=\"\" loading=\"lazy\" srcset=\"https:\/\/bioalfa.com.br\/site\/wp-content\/uploads\/2021\/04\/sdf-1-1024x850.png 1024w, https:\/\/bioalfa.com.br\/site\/wp-content\/uploads\/2021\/04\/sdf-1-300x249.png 300w, https:\/\/bioalfa.com.br\/site\/wp-content\/uploads\/2021\/04\/sdf-1-768x638.png 768w, https:\/\/bioalfa.com.br\/site\/wp-content\/uploads\/2021\/04\/sdf-1.png 1280w\" sizes=\"(max-width: 1020px) 100vw, 1020px\" \/>\t\t\t\t\t\t\n\t\t\t\t\t<\/div>\n\t\t\t\t\t\t\t\t\n<style scope=\"scope\">\n\n#image_69462141 {\n  width: 100%;\n}\n<\/style>\n\t<\/div>\n\t\n\t\t<\/div>\n\t<\/div>\n\n\t\n\n\t<div class=\"col small-12 large-12\"  data-animate=\"bounceInRight\">\n\t\t<div class=\"col-inner\"  >\n\t\t\t\n\t\t\t\n<h1 style=\"text-align: center;\"><span style=\"color: #90cd49; font-size: 150%;\">Delta***<\/span><\/h1>\n<p>Delta*** \u00e9 um fertilizante foliar flu\u00eddo de alta performance, composto por c\u00e1lcio, complexantes agregados a tecnologia BIOFLOW .<br \/>O c\u00e1lcio \u00e9 um nutriente indispens\u00e1vel para o crescimento das plantas, associado principalmente com a rigidez estrutural da parede celular, e manuten\u00e7\u00e3o da membrana plasm\u00e1tica, aumentando o ac\u00famulo de biomassa. Esse aumento da biomassa e rigidez estrutural resulta em uma prote\u00e7\u00e3o natural.<br \/>Ativador de v\u00e1rias enzimas, Delta*** tem a\u00e7\u00e3o sin\u00e9rgica quando aplicado em conjunto com produtos \u00e0 base de cobre e outros ativos.<br \/>Sua composi\u00e7\u00e3o associada a tecnologia BIOFLOW, maximizam a absor\u00e7\u00e3o, espalhamento, movimenta\u00e7\u00e3o e transloca\u00e7\u00e3o dos nutrientes.<br \/>O efeito sin\u00e9rgico do DELTA com Cobre, por exemplo, ajuda e potencializa de forma nutricional a prote\u00e7\u00e3o contra microrganismos patog\u00eanicos e doen\u00e7as fisiog\u00eanicas.<\/p>\n<p><strong>DOSAGEM:<\/strong> JUAN<br \/>Caf\u00e9: 1 a 2 litros \/ ha \u2013 Cada de 400L \/ ha<br \/>1 a 4 aplica\u00e7\u00f5es.<\/p>\n<p><strong>BENEF\u00cdCIOS<\/strong><\/p>\n<p>Potencializador de ativos,<br \/>A\u00e7\u00e3o sin\u00e9rgica com aumento do transporte de el\u00e9trons;<br \/>Formula\u00e7\u00e3o altamente compat\u00edvel;<br \/>Induz prote\u00e7\u00e3o de forma r\u00e1pida<br \/>Equil\u00edbrio hormonal facilitando o crescimento e minimizando fitotoxicidade;<br \/>Impacto positivo no vigor.<\/p>\n<p><strong>RESULTADOS<\/strong><\/p>\n<p><strong>\u201d<\/strong> <em>Houve diferen\u00e7as significativas positivas nos tratamentos que receberam os produtos Reset e Delta, onde ao final de 150 dias todos se mostraram diferentes ao tratamento controle, mostrando caracter\u00edsticas agron\u00f4micas positivas dos tratamentos propostos<\/em> com <em>incremento em tamanho de plantas e desenvolvimento e tamb\u00e9m melhor controle fitossanit\u00e1rio<\/em>.<em>\u201d \u00a0<\/em><\/p>\n<p>FONTE: Trabalho apresentado no 44\u00ba Congresso Brasileiro de Pesquisas Cafeeiras. Cole\u00e7\u00e3o: <a href=\"http:\/\/www.sbicafe.ufv.br\/handle\/123456789\/11409\">CBPC (44.:2018: Fran\u00e7a, SP) &#8211; Anais<\/a>\u00a0[421] \u00a0<a href=\"http:\/\/www.sbicafe.ufv.br\/browse?value=Sandy,%20E.%20C&amp;type=author\">Sandy, E. C<\/a>\u00a0;\u00a0<a href=\"http:\/\/www.sbicafe.ufv.br\/browse?value=Sandy,%20G.%20C&amp;type=author\">Sandy, G. C<\/a>\u00a0;\u00a0<a href=\"http:\/\/www.sbicafe.ufv.br\/browse?value=Piza,%20M.&amp;type=author\">Piza, M.<\/a><\/p>\n\t\t<\/div>\n\t<\/div>\n\n\t\n\n\t<div class=\"col small-12 large-12\"  >\n\t\t<div class=\"col-inner\"  >\n\t\t\t\n\t\t\t\n<h1 style=\"text-align: center;\"><span style=\"color: #50b848;\"><strong>DESAFIO!<\/strong><\/span><\/h1>\n<p style=\"text-align: center;\"><span style=\"color: #000000;\">TESTE OS PRODUTOS BIOALFA\u00ae EM ALGUNS HECTARES E COMPROVE NOSSA DIFEREN\u00c7A COM OS DEMAIS.<\/span><\/p>\n<p style=\"text-align: center;\"><span style=\"color: #000000;\">Oferecemos um <strong>custo experimental<\/strong> para a realiza\u00e7\u00e3o dos ensaios.<\/span><\/p>\n<p style=\"text-align: center;\"><span style=\"color: #000000;\"><strong>O que \u00e9 custo experimental?<\/strong><\/span><\/p>\n<p style=\"text-align: center;\"><span style=\"color: #000000;\"><strong>\u00c9 um valor do produto subsidiado pela BIOALFA<\/strong>\u00ae atrav\u00e9s do Programa de incentivos a pesquisa, desenvolvimento de inova\u00e7\u00e3o (PD&amp;I)<\/span><\/p>\n<p style=\"text-align: center;\"><span style=\"color: #000000;\">Os ensaios ser\u00e3o previamente agendados e planejados de forma mais conveniente para voc\u00ea! Preferencialmente acompanhado e orientado por algum consultor da sua regi\u00e3o<\/span><\/p>\n<p style=\"text-align: center;\"><span style=\"color: #000000;\"><strong>\u00a0<\/strong><\/span><\/p>\n<p style=\"text-align: center;\"><span style=\"color: #000000;\"><strong>BIOALFA<\/strong>\u00ae ajuda voc\u00ea ir al\u00e9m!<\/span><\/p>\n\t\t<\/div>\n\t<\/div>\n\n\t\n<\/div>\n\t\t<\/div>\n\n\t\t\n<style scope=\"scope\">\n\n#section_2144748961 {\n  padding-top: 30px;\n  padding-bottom: 30px;\n}\n<\/style>\n\t<\/section>\n\t\n\t<section class=\"section\" id=\"section_134208478\">\n\t\t<div class=\"bg section-bg fill bg-fill  bg-loaded\" >\n\n\t\t\t\n\t\t\t\n\t\t\t\n\n\t\t<\/div>\n\n\t\t<div class=\"section-content relative\">\n\t\t\t\n<h1 class=\"uppercase\" style=\"text-align: center;\"><span style=\"color: #90cd49; font-size: 130%;\">Outros Produtos<\/span><\/h1>\n\t<div id=\"gap-552676500\" class=\"gap-element clearfix\" style=\"display:block; height:auto;\">\n\t\t\n<style scope=\"scope\">\n\n#gap-552676500 {\n  padding-top: 70px;\n}\n<\/style>\n\t<\/div>\n\t\n<div class=\"slider-wrapper relative\" id=\"slider-205066843\" >\n    <div class=\"slider slider-nav-circle slider-nav-large slider-nav-dark slider-style-focus slider-show-nav\"\n        data-flickity-options='{\n            \"cellAlign\": \"center\",\n            \"imagesLoaded\": true,\n            \"lazyLoad\": 1,\n            \"freeScroll\": true,\n            \"wrapAround\": true,\n            \"autoPlay\": 5000,\n            \"pauseAutoPlayOnHover\" : false,\n            \"prevNextButtons\": true,\n            \"contain\" : true,\n            \"adaptiveHeight\" : true,\n            \"dragThreshold\" : 10,\n            \"percentPosition\": true,\n            \"pageDots\": false,\n            \"rightToLeft\": false,\n            \"draggable\": true,\n            \"selectedAttraction\": 0.1,\n            \"parallax\" : 0,\n            \"friction\": 0.6        }'\n        >\n        \n<div class=\"row\"  id=\"row-1080438019\">\n\n\t<div class=\"col small-12 large-12\"  >\n\t\t<div class=\"col-inner text-center\"  >\n\t\t\t\n\t\t\t\n\t<div class=\"img has-hover x md-x lg-x y md-y lg-y\" id=\"image_226318335\">\n\t\t<a class=\"\" href=\"https:\/\/bioalfa.com.br\/site\/bioest-plus\/\"  >\t\t\t\t\t\t<div class=\"img-inner dark\" >\n\t\t\t<img width=\"2480\" height=\"1772\" src=\"https:\/\/bioalfa.com.br\/site\/wp-content\/uploads\/2021\/04\/Conj_Bioest.jpg\" class=\"attachment-original size-original\" alt=\"\" loading=\"lazy\" srcset=\"https:\/\/bioalfa.com.br\/site\/wp-content\/uploads\/2021\/04\/Conj_Bioest.jpg 2480w, https:\/\/bioalfa.com.br\/site\/wp-content\/uploads\/2021\/04\/Conj_Bioest-300x214.jpg 300w, https:\/\/bioalfa.com.br\/site\/wp-content\/uploads\/2021\/04\/Conj_Bioest-1024x732.jpg 1024w, https:\/\/bioalfa.com.br\/site\/wp-content\/uploads\/2021\/04\/Conj_Bioest-768x549.jpg 768w, https:\/\/bioalfa.com.br\/site\/wp-content\/uploads\/2021\/04\/Conj_Bioest-1536x1097.jpg 1536w, https:\/\/bioalfa.com.br\/site\/wp-content\/uploads\/2021\/04\/Conj_Bioest-2048x1463.jpg 2048w\" sizes=\"(max-width: 2480px) 100vw, 2480px\" \/>\t\t\t\t\t\t\n\t\t\t\t\t<\/div>\n\t\t\t\t\t\t<\/a>\t\t\n<style scope=\"scope\">\n\n#image_226318335 {\n  width: 100%;\n}\n<\/style>\n\t<\/div>\n\t\n\t\t<\/div>\n\t<\/div>\n\n\t\n<\/div>\n<div class=\"row\"  id=\"row-1973478710\">\n\n\t<div class=\"col small-12 large-12\"  >\n\t\t<div class=\"col-inner text-center\"  >\n\t\t\t\n\t\t\t\n\t<div class=\"img has-hover x md-x lg-x y md-y lg-y\" id=\"image_766813524\">\n\t\t<a class=\"\" href=\"https:\/\/bioalfa.com.br\/site\/raitech\/\"  >\t\t\t\t\t\t<div class=\"img-inner dark\" >\n\t\t\t<img width=\"2480\" height=\"1772\" src=\"https:\/\/bioalfa.com.br\/site\/wp-content\/uploads\/2021\/04\/Conj_Raitech.jpg\" class=\"attachment-original size-original\" alt=\"\" loading=\"lazy\" srcset=\"https:\/\/bioalfa.com.br\/site\/wp-content\/uploads\/2021\/04\/Conj_Raitech.jpg 2480w, https:\/\/bioalfa.com.br\/site\/wp-content\/uploads\/2021\/04\/Conj_Raitech-300x214.jpg 300w, https:\/\/bioalfa.com.br\/site\/wp-content\/uploads\/2021\/04\/Conj_Raitech-1024x732.jpg 1024w, https:\/\/bioalfa.com.br\/site\/wp-content\/uploads\/2021\/04\/Conj_Raitech-768x549.jpg 768w, https:\/\/bioalfa.com.br\/site\/wp-content\/uploads\/2021\/04\/Conj_Raitech-1536x1097.jpg 1536w, https:\/\/bioalfa.com.br\/site\/wp-content\/uploads\/2021\/04\/Conj_Raitech-2048x1463.jpg 2048w\" sizes=\"(max-width: 2480px) 100vw, 2480px\" \/>\t\t\t\t\t\t\n\t\t\t\t\t<\/div>\n\t\t\t\t\t\t<\/a>\t\t\n<style scope=\"scope\">\n\n#image_766813524 {\n  width: 100%;\n}\n<\/style>\n\t<\/div>\n\t\n\t\t<\/div>\n\t<\/div>\n\n\t\n<\/div>\n<div class=\"row\"  id=\"row-267503278\">\n\n\t<div class=\"col small-12 large-12\"  >\n\t\t<div class=\"col-inner text-center\"  >\n\t\t\t\n\t\t\t\n\t<div class=\"img has-hover x md-x lg-x y md-y lg-y\" id=\"image_1579153727\">\n\t\t<a class=\"\" href=\"https:\/\/bioalfa.com.br\/site\/reset-200\/\"  >\t\t\t\t\t\t<div class=\"img-inner dark\" >\n\t\t\t<img width=\"783\" height=\"1183\" src=\"https:\/\/bioalfa.com.br\/site\/wp-content\/uploads\/2021\/04\/Reset_5L.jpg\" class=\"attachment-original size-original\" alt=\"\" loading=\"lazy\" srcset=\"https:\/\/bioalfa.com.br\/site\/wp-content\/uploads\/2021\/04\/Reset_5L.jpg 783w, https:\/\/bioalfa.com.br\/site\/wp-content\/uploads\/2021\/04\/Reset_5L-199x300.jpg 199w, https:\/\/bioalfa.com.br\/site\/wp-content\/uploads\/2021\/04\/Reset_5L-678x1024.jpg 678w, https:\/\/bioalfa.com.br\/site\/wp-content\/uploads\/2021\/04\/Reset_5L-768x1160.jpg 768w\" sizes=\"(max-width: 783px) 100vw, 783px\" \/>\t\t\t\t\t\t\n\t\t\t\t\t<\/div>\n\t\t\t\t\t\t<\/a>\t\t\n<style scope=\"scope\">\n\n#image_1579153727 {\n  width: 51%;\n}\n<\/style>\n\t<\/div>\n\t\n\t\t<\/div>\n\t<\/div>\n\n\t\n<\/div>\n<div class=\"row\"  id=\"row-984572136\">\n\n\t<div class=\"col small-12 large-12\"  >\n\t\t<div class=\"col-inner text-center\"  >\n\t\t\t\n\t\t\t\n\t<div class=\"img has-hover x md-x lg-x y md-y lg-y\" id=\"image_665536695\">\n\t\t<a class=\"\" href=\"https:\/\/bioalfa.com.br\/site\/bioseiva\/\"  >\t\t\t\t\t\t<div class=\"img-inner dark\" >\n\t\t\t<img width=\"2083\" height=\"1562\" src=\"https:\/\/bioalfa.com.br\/site\/wp-content\/uploads\/2021\/04\/Bioseiva_Sache.jpg\" class=\"attachment-original size-original\" alt=\"\" loading=\"lazy\" srcset=\"https:\/\/bioalfa.com.br\/site\/wp-content\/uploads\/2021\/04\/Bioseiva_Sache.jpg 2083w, https:\/\/bioalfa.com.br\/site\/wp-content\/uploads\/2021\/04\/Bioseiva_Sache-300x225.jpg 300w, https:\/\/bioalfa.com.br\/site\/wp-content\/uploads\/2021\/04\/Bioseiva_Sache-1024x768.jpg 1024w, https:\/\/bioalfa.com.br\/site\/wp-content\/uploads\/2021\/04\/Bioseiva_Sache-768x576.jpg 768w, https:\/\/bioalfa.com.br\/site\/wp-content\/uploads\/2021\/04\/Bioseiva_Sache-1536x1152.jpg 1536w, https:\/\/bioalfa.com.br\/site\/wp-content\/uploads\/2021\/04\/Bioseiva_Sache-2048x1536.jpg 2048w\" sizes=\"(max-width: 2083px) 100vw, 2083px\" \/>\t\t\t\t\t\t\n\t\t\t\t\t<\/div>\n\t\t\t\t\t\t<\/a>\t\t\n<style scope=\"scope\">\n\n#image_665536695 {\n  width: 100%;\n}\n<\/style>\n\t<\/div>\n\t\n\t\t<\/div>\n\t<\/div>\n\n\t\n<\/div>\n<div class=\"row\"  id=\"row-2013040124\">\n\n\t<div class=\"col small-12 large-12\"  >\n\t\t<div class=\"col-inner text-center\"  >\n\t\t\t\n\t\t\t\n\t<div class=\"img has-hover x md-x lg-x y md-y lg-y\" id=\"image_142913666\">\n\t\t<a class=\"\" href=\"https:\/\/bioalfa.com.br\/site\/biopol\/\"  >\t\t\t\t\t\t<div class=\"img-inner dark\" >\n\t\t\t<img width=\"2083\" height=\"1562\" src=\"https:\/\/bioalfa.com.br\/site\/wp-content\/uploads\/2021\/04\/Biopol_Sache.jpg\" class=\"attachment-original size-original\" alt=\"\" loading=\"lazy\" srcset=\"https:\/\/bioalfa.com.br\/site\/wp-content\/uploads\/2021\/04\/Biopol_Sache.jpg 2083w, https:\/\/bioalfa.com.br\/site\/wp-content\/uploads\/2021\/04\/Biopol_Sache-300x225.jpg 300w, https:\/\/bioalfa.com.br\/site\/wp-content\/uploads\/2021\/04\/Biopol_Sache-1024x768.jpg 1024w, https:\/\/bioalfa.com.br\/site\/wp-content\/uploads\/2021\/04\/Biopol_Sache-768x576.jpg 768w, https:\/\/bioalfa.com.br\/site\/wp-content\/uploads\/2021\/04\/Biopol_Sache-1536x1152.jpg 1536w, https:\/\/bioalfa.com.br\/site\/wp-content\/uploads\/2021\/04\/Biopol_Sache-2048x1536.jpg 2048w\" sizes=\"(max-width: 2083px) 100vw, 2083px\" \/>\t\t\t\t\t\t\n\t\t\t\t\t<\/div>\n\t\t\t\t\t\t<\/a>\t\t\n<style scope=\"scope\">\n\n#image_142913666 {\n  width: 100%;\n}\n<\/style>\n\t<\/div>\n\t\n\t\t<\/div>\n\t<\/div>\n\n\t\n<\/div>\n     <\/div>\n\n     <div class=\"loading-spin dark large centered\"><\/div>\n\n     <style scope=\"scope\">\n                    #slider-205066843 .flickity-slider > *{ max-width: 30%!important;\n              <\/style>\n<\/div>\n\n\n\t\t<\/div>\n\n\t\t\n<style scope=\"scope\">\n\n#section_134208478 {\n  padding-top: 75px;\n  padding-bottom: 75px;\n}\n<\/style>\n\t<\/section>\n\t\n","protected":false},"excerpt":{"rendered":"","protected":false},"author":1,"featured_media":0,"parent":0,"menu_order":0,"comment_status":"closed","ping_status":"closed","template":"page-blank.php","meta":[],"_links":{"self":[{"href":"https:\/\/bioalfa.com.br\/site\/wp-json\/wp\/v2\/pages\/140"}],"collection":[{"href":"https:\/\/bioalfa.com.br\/site\/wp-json\/wp\/v2\/pages"}],"about":[{"href":"https:\/\/bioalfa.com.br\/site\/wp-json\/wp\/v2\/types\/page"}],"author":[{"embeddable":true,"href":"https:\/\/bioalfa.com.br\/site\/wp-json\/wp\/v2\/users\/1"}],"replies":[{"embeddable":true,"href":"https:\/\/bioalfa.com.br\/site\/wp-json\/wp\/v2\/comments?post=140"}],"version-history":[{"count":11,"href":"https:\/\/bioalfa.com.br\/site\/wp-json\/wp\/v2\/pages\/140\/revisions"}],"predecessor-version":[{"id":427,"href":"https:\/\/bioalfa.com.br\/site\/wp-json\/wp\/v2\/pages\/140\/revisions\/427"}],"wp:attachment":[{"href":"https:\/\/bioalfa.com.br\/site\/wp-json\/wp\/v2\/media?parent=140"}],"curies":[{"name":"wp","href":"https:\/\/api.w.org\/{rel}","templated":true}]}}