{"id":138,"date":"2021-03-24T11:37:17","date_gmt":"2021-03-24T14:37:17","guid":{"rendered":"https:\/\/bioalfa.com.br\/site\/?page_id=138"},"modified":"2023-12-05T11:00:32","modified_gmt":"2023-12-05T14:00:32","slug":"bioest-plus","status":"publish","type":"page","link":"https:\/\/bioalfa.com.br\/site\/bioest-plus\/","title":{"rendered":"BioEST PLUS"},"content":{"rendered":"\t<section class=\"section\" id=\"section_1553554436\">\n\t\t<div class=\"bg section-bg fill bg-fill  bg-loaded\" >\n\n\t\t\t\n\t\t\t\n\t\t\t\n\n\t\t<\/div>\n\n\t\t<div class=\"section-content relative\">\n\t\t\t\n<div class=\"row\"  id=\"row-1715395829\">\n\n\t<div class=\"col medium-9 small-12 large-9\"  data-animate=\"fadeInUp\">\n\t\t<div class=\"col-inner text-center\"  >\n\t\t\t\n\t\t\t\n\t<div class=\"img has-hover x md-x lg-x y md-y lg-y\" id=\"image_63939371\">\n\t\t\t\t\t\t\t\t<div class=\"img-inner dark\" >\n\t\t\t<img width=\"1280\" height=\"914\" src=\"https:\/\/bioalfa.com.br\/site\/wp-content\/uploads\/2023\/12\/A3.jpg\" class=\"attachment-original size-original\" alt=\"\" loading=\"lazy\" srcset=\"https:\/\/bioalfa.com.br\/site\/wp-content\/uploads\/2023\/12\/A3.jpg 1280w, https:\/\/bioalfa.com.br\/site\/wp-content\/uploads\/2023\/12\/A3-300x214.jpg 300w, https:\/\/bioalfa.com.br\/site\/wp-content\/uploads\/2023\/12\/A3-1024x731.jpg 1024w, https:\/\/bioalfa.com.br\/site\/wp-content\/uploads\/2023\/12\/A3-768x548.jpg 768w\" sizes=\"(max-width: 1280px) 100vw, 1280px\" \/>\t\t\t\t\t\t\n\t\t\t\t\t<\/div>\n\t\t\t\t\t\t\t\t\n<style scope=\"scope\">\n\n#image_63939371 {\n  width: 79%;\n}\n<\/style>\n\t<\/div>\n\t\n\t\t<\/div>\n\t<\/div>\n\n\t\n\n\t<div class=\"col medium-3 small-12 large-3\"  >\n\t\t<div class=\"col-inner\"  >\n\t\t\t\n\t\t\t\n\t<div class=\"img has-hover x md-x lg-x y md-y lg-y\" id=\"image_1927481936\">\n\t\t\t\t\t\t\t\t<div class=\"img-inner dark\" >\n\t\t\t<img width=\"1020\" height=\"847\" src=\"https:\/\/bioalfa.com.br\/site\/wp-content\/uploads\/2021\/04\/sdf-1-1024x850.png\" class=\"attachment-large size-large\" alt=\"\" loading=\"lazy\" srcset=\"https:\/\/bioalfa.com.br\/site\/wp-content\/uploads\/2021\/04\/sdf-1-1024x850.png 1024w, https:\/\/bioalfa.com.br\/site\/wp-content\/uploads\/2021\/04\/sdf-1-300x249.png 300w, https:\/\/bioalfa.com.br\/site\/wp-content\/uploads\/2021\/04\/sdf-1-768x638.png 768w, https:\/\/bioalfa.com.br\/site\/wp-content\/uploads\/2021\/04\/sdf-1.png 1280w\" sizes=\"(max-width: 1020px) 100vw, 1020px\" \/>\t\t\t\t\t\t\n\t\t\t\t\t<\/div>\n\t\t\t\t\t\t\t\t\n<style scope=\"scope\">\n\n#image_1927481936 {\n  width: 70%;\n}\n<\/style>\n\t<\/div>\n\t\n\t\t<\/div>\n\t<\/div>\n\n\t\n\n\t<div class=\"col small-12 large-12\"  data-animate=\"bounceInRight\">\n\t\t<div class=\"col-inner\"  >\n\t\t\t\n\t\t\t\n<h1 style=\"text-align: center;\"><span style=\"color: #90cd49; font-size: 150%;\">BioEste Plus<\/span><\/h1>\n<p><span style=\"color: #000000;\">BioEST PLUS \u00e9 um fertilizante foliar flu\u00eddo, composto por um complexo de nutrientes, nitrog\u00eanio sol\u00favel, e micronutrientes como boro, zinco, molibd\u00eanio, mangan\u00eas e cobre na raz\u00e3o exata para efeito sin\u00e9rgico com amino\u00e1cidos, antioxidantes, enzimas e vitaminas. A tecnologia BIOFLOW \u2122 Tecnologia in\u00e9dita que combina v\u00e1rios mecanismos de a\u00e7\u00e3o incrementando o fluxo de absor\u00e7\u00e3o e a\u00e7\u00e3o residual.<\/span><\/p>\n<h3><span style=\"color: #000000;\"><strong>BENEF\u00cdCIOS<\/strong><\/span><\/h3>\n<ul>\n<li><span style=\"color: #000000;\">Bioestimula\u00e7\u00e3o para produ\u00e7\u00e3o de biomassa vegetal;<\/span><\/li>\n<li><span style=\"color: #000000;\">Equil\u00edbrio hormonal;<\/span><\/li>\n<li><span style=\"color: #000000;\">Maior desenvolvimento da planta.<\/span><\/li>\n<\/ul>\n<p><span style=\"color: #000000;\">CURIOSIDADES: coment\u00e1rios sobre amino\u00e1cidos e enzimas&#8230;.<\/span><\/p>\n<p><span style=\"color: #000000;\"><strong>RESULTADOS\u00a0 <\/strong><\/span><\/p>\n<p><span style=\"color: #000000;\"><strong>Ainda vamos selecionar<\/strong><\/span><\/p>\n<p><span style=\"color: #000000;\"><strong>\u201d<\/strong> <em>Houve diferen\u00e7as significativas positivas nos tratamentos que receberam os produtos Reset e Delta, onde ao final de 150 dias todos se mostraram diferentes ao tratamento controle, mostrando caracter\u00edsticas agron\u00f4micas positivas dos tratamentos propostos<\/em> com <em>incremento em tamanho de plantas e desenvolvimento e tamb\u00e9m melhor controle fitossanit\u00e1rio<\/em>.<em>\u201d \u00a0<\/em><\/span><\/p>\n\t\t<\/div>\n\t<\/div>\n\n\t\n\n\t<div class=\"col small-12 large-12\"  >\n\t\t<div class=\"col-inner\"  >\n\t\t\t\n\t\t\t\n<h1 style=\"text-align: center;\"><span style=\"color: #50b848;\"><strong>DESAFIO!<\/strong><\/span><\/h1>\n<p style=\"text-align: center;\"><span style=\"color: #000000;\">TESTE OS PRODUTOS BIOALFA\u00ae EM ALGUNS HECTARES E COMPROVE NOSSA DIFEREN\u00c7A COM OS DEMAIS.<\/span><\/p>\n<p style=\"text-align: center;\"><span style=\"color: #000000;\">Oferecemos um <strong>custo experimental<\/strong> para a realiza\u00e7\u00e3o dos ensaios.<\/span><\/p>\n<p style=\"text-align: center;\"><span style=\"color: #000000;\"><strong>O que \u00e9 custo experimental?<\/strong><\/span><\/p>\n<p style=\"text-align: center;\"><span style=\"color: #000000;\"><strong>\u00c9 um valor do produto subsidiado pela BIOALFA<\/strong>\u00ae atrav\u00e9s do Programa de incentivos a pesquisa, desenvolvimento de inova\u00e7\u00e3o (PD&amp;I)<\/span><\/p>\n<p style=\"text-align: center;\"><span style=\"color: #000000;\">Os ensaios ser\u00e3o previamente agendados e planejados de forma mais conveniente para voc\u00ea! Preferencialmente acompanhado e orientado por algum consultor da sua regi\u00e3o<\/span><\/p>\n<p style=\"text-align: center;\"><span style=\"color: #000000;\"><strong>\u00a0<\/strong><\/span><\/p>\n<p style=\"text-align: center;\"><span style=\"color: #000000;\"><strong>BIOALFA<\/strong>\u00ae ajuda voc\u00ea ir al\u00e9m!<\/span><\/p>\n\t\t<\/div>\n\t<\/div>\n\n\t\n<\/div>\n\t\t<\/div>\n\n\t\t\n<style scope=\"scope\">\n\n#section_1553554436 {\n  padding-top: 30px;\n  padding-bottom: 30px;\n}\n<\/style>\n\t<\/section>\n\t\n\t<section class=\"section\" id=\"section_620632796\">\n\t\t<div class=\"bg section-bg fill bg-fill  bg-loaded\" >\n\n\t\t\t\n\t\t\t\n\t\t\t\n\n\t\t<\/div>\n\n\t\t<div class=\"section-content relative\">\n\t\t\t\n<h1 class=\"uppercase\" style=\"text-align: center;\"><span style=\"color: #90cd49; font-size: 130%;\">Outros Produtos<\/span><\/h1>\n\t<div id=\"gap-519470843\" class=\"gap-element clearfix\" style=\"display:block; height:auto;\">\n\t\t\n<style scope=\"scope\">\n\n#gap-519470843 {\n  padding-top: 70px;\n}\n<\/style>\n\t<\/div>\n\t\n<div class=\"slider-wrapper relative\" id=\"slider-1395139221\" >\n    <div class=\"slider slider-nav-circle slider-nav-large slider-nav-dark slider-style-focus slider-show-nav\"\n        data-flickity-options='{\n            \"cellAlign\": \"center\",\n            \"imagesLoaded\": true,\n            \"lazyLoad\": 1,\n            \"freeScroll\": true,\n            \"wrapAround\": true,\n            \"autoPlay\": 5000,\n            \"pauseAutoPlayOnHover\" : false,\n            \"prevNextButtons\": true,\n            \"contain\" : true,\n            \"adaptiveHeight\" : true,\n            \"dragThreshold\" : 10,\n            \"percentPosition\": true,\n            \"pageDots\": false,\n            \"rightToLeft\": false,\n            \"draggable\": true,\n            \"selectedAttraction\": 0.1,\n            \"parallax\" : 0,\n            \"friction\": 0.6        }'\n        >\n        \n<div class=\"row\"  id=\"row-1528641810\">\n\n\t<div class=\"col small-12 large-12\"  >\n\t\t<div class=\"col-inner text-center\"  >\n\t\t\t\n\t\t\t\n\t<div class=\"img has-hover x md-x lg-x y md-y lg-y\" id=\"image_2023566006\">\n\t\t<a class=\"\" href=\"https:\/\/bioalfa.com.br\/site\/delta\/\"  >\t\t\t\t\t\t<div class=\"img-inner dark\" >\n\t\t\t<img width=\"2480\" height=\"1772\" src=\"https:\/\/bioalfa.com.br\/site\/wp-content\/uploads\/2021\/04\/Conj_Delta.jpg\" class=\"attachment-original size-original\" alt=\"\" loading=\"lazy\" srcset=\"https:\/\/bioalfa.com.br\/site\/wp-content\/uploads\/2021\/04\/Conj_Delta.jpg 2480w, https:\/\/bioalfa.com.br\/site\/wp-content\/uploads\/2021\/04\/Conj_Delta-300x214.jpg 300w, https:\/\/bioalfa.com.br\/site\/wp-content\/uploads\/2021\/04\/Conj_Delta-1024x732.jpg 1024w, https:\/\/bioalfa.com.br\/site\/wp-content\/uploads\/2021\/04\/Conj_Delta-768x549.jpg 768w, https:\/\/bioalfa.com.br\/site\/wp-content\/uploads\/2021\/04\/Conj_Delta-1536x1097.jpg 1536w, https:\/\/bioalfa.com.br\/site\/wp-content\/uploads\/2021\/04\/Conj_Delta-2048x1463.jpg 2048w\" sizes=\"(max-width: 2480px) 100vw, 2480px\" \/>\t\t\t\t\t\t\n\t\t\t\t\t<\/div>\n\t\t\t\t\t\t<\/a>\t\t\n<style scope=\"scope\">\n\n#image_2023566006 {\n  width: 100%;\n}\n<\/style>\n\t<\/div>\n\t\n\t\t<\/div>\n\t<\/div>\n\n\t\n<\/div>\n<div class=\"row\"  id=\"row-1489959844\">\n\n\t<div class=\"col small-12 large-12\"  >\n\t\t<div class=\"col-inner text-center\"  >\n\t\t\t\n\t\t\t\n\t<div class=\"img has-hover x md-x lg-x y md-y lg-y\" id=\"image_445373636\">\n\t\t<a class=\"\" href=\"https:\/\/bioalfa.com.br\/site\/raitech\/\"  >\t\t\t\t\t\t<div class=\"img-inner dark\" >\n\t\t\t<img width=\"2480\" height=\"1772\" src=\"https:\/\/bioalfa.com.br\/site\/wp-content\/uploads\/2021\/04\/Conj_Raitech.jpg\" class=\"attachment-original size-original\" alt=\"\" loading=\"lazy\" srcset=\"https:\/\/bioalfa.com.br\/site\/wp-content\/uploads\/2021\/04\/Conj_Raitech.jpg 2480w, https:\/\/bioalfa.com.br\/site\/wp-content\/uploads\/2021\/04\/Conj_Raitech-300x214.jpg 300w, https:\/\/bioalfa.com.br\/site\/wp-content\/uploads\/2021\/04\/Conj_Raitech-1024x732.jpg 1024w, https:\/\/bioalfa.com.br\/site\/wp-content\/uploads\/2021\/04\/Conj_Raitech-768x549.jpg 768w, https:\/\/bioalfa.com.br\/site\/wp-content\/uploads\/2021\/04\/Conj_Raitech-1536x1097.jpg 1536w, https:\/\/bioalfa.com.br\/site\/wp-content\/uploads\/2021\/04\/Conj_Raitech-2048x1463.jpg 2048w\" sizes=\"(max-width: 2480px) 100vw, 2480px\" \/>\t\t\t\t\t\t\n\t\t\t\t\t<\/div>\n\t\t\t\t\t\t<\/a>\t\t\n<style scope=\"scope\">\n\n#image_445373636 {\n  width: 100%;\n}\n<\/style>\n\t<\/div>\n\t\n\t\t<\/div>\n\t<\/div>\n\n\t\n<\/div>\n<div class=\"row\"  id=\"row-1731819001\">\n\n\t<div class=\"col small-12 large-12\"  >\n\t\t<div class=\"col-inner text-center\"  >\n\t\t\t\n\t\t\t\n\t<div class=\"img has-hover x md-x lg-x y md-y lg-y\" id=\"image_1444568733\">\n\t\t<a class=\"\" href=\"https:\/\/bioalfa.com.br\/site\/reset-200\/\"  >\t\t\t\t\t\t<div class=\"img-inner dark\" >\n\t\t\t<img width=\"783\" height=\"1183\" src=\"https:\/\/bioalfa.com.br\/site\/wp-content\/uploads\/2021\/04\/Reset_5L.jpg\" class=\"attachment-original size-original\" alt=\"\" loading=\"lazy\" srcset=\"https:\/\/bioalfa.com.br\/site\/wp-content\/uploads\/2021\/04\/Reset_5L.jpg 783w, https:\/\/bioalfa.com.br\/site\/wp-content\/uploads\/2021\/04\/Reset_5L-199x300.jpg 199w, https:\/\/bioalfa.com.br\/site\/wp-content\/uploads\/2021\/04\/Reset_5L-678x1024.jpg 678w, https:\/\/bioalfa.com.br\/site\/wp-content\/uploads\/2021\/04\/Reset_5L-768x1160.jpg 768w\" sizes=\"(max-width: 783px) 100vw, 783px\" \/>\t\t\t\t\t\t\n\t\t\t\t\t<\/div>\n\t\t\t\t\t\t<\/a>\t\t\n<style scope=\"scope\">\n\n#image_1444568733 {\n  width: 48%;\n}\n<\/style>\n\t<\/div>\n\t\n\t\t<\/div>\n\t<\/div>\n\n\t\n<\/div>\n<div class=\"row\"  id=\"row-1347212899\">\n\n\t<div class=\"col small-12 large-12\"  >\n\t\t<div class=\"col-inner text-center\"  >\n\t\t\t\n\t\t\t\n\t<div class=\"img has-hover x md-x lg-x y md-y lg-y\" id=\"image_42238479\">\n\t\t<a class=\"\" href=\"https:\/\/bioalfa.com.br\/site\/bioseiva\/\"  >\t\t\t\t\t\t<div class=\"img-inner dark\" >\n\t\t\t<img width=\"2083\" height=\"1562\" src=\"https:\/\/bioalfa.com.br\/site\/wp-content\/uploads\/2021\/04\/Bioseiva_Sache.jpg\" class=\"attachment-original size-original\" alt=\"\" loading=\"lazy\" srcset=\"https:\/\/bioalfa.com.br\/site\/wp-content\/uploads\/2021\/04\/Bioseiva_Sache.jpg 2083w, https:\/\/bioalfa.com.br\/site\/wp-content\/uploads\/2021\/04\/Bioseiva_Sache-300x225.jpg 300w, https:\/\/bioalfa.com.br\/site\/wp-content\/uploads\/2021\/04\/Bioseiva_Sache-1024x768.jpg 1024w, https:\/\/bioalfa.com.br\/site\/wp-content\/uploads\/2021\/04\/Bioseiva_Sache-768x576.jpg 768w, https:\/\/bioalfa.com.br\/site\/wp-content\/uploads\/2021\/04\/Bioseiva_Sache-1536x1152.jpg 1536w, https:\/\/bioalfa.com.br\/site\/wp-content\/uploads\/2021\/04\/Bioseiva_Sache-2048x1536.jpg 2048w\" sizes=\"(max-width: 2083px) 100vw, 2083px\" \/>\t\t\t\t\t\t\n\t\t\t\t\t<\/div>\n\t\t\t\t\t\t<\/a>\t\t\n<style scope=\"scope\">\n\n#image_42238479 {\n  width: 100%;\n}\n<\/style>\n\t<\/div>\n\t\n\t\t<\/div>\n\t<\/div>\n\n\t\n<\/div>\n<div class=\"row\"  id=\"row-1941714835\">\n\n\t<div class=\"col small-12 large-12\"  >\n\t\t<div class=\"col-inner text-center\"  >\n\t\t\t\n\t\t\t\n\t<div class=\"img has-hover x md-x lg-x y md-y lg-y\" id=\"image_2035889949\">\n\t\t<a class=\"\" href=\"https:\/\/bioalfa.com.br\/site\/biopol\/\"  >\t\t\t\t\t\t<div class=\"img-inner dark\" >\n\t\t\t<img width=\"2083\" height=\"1562\" src=\"https:\/\/bioalfa.com.br\/site\/wp-content\/uploads\/2021\/04\/Biopol_Sache.jpg\" class=\"attachment-original size-original\" alt=\"\" loading=\"lazy\" srcset=\"https:\/\/bioalfa.com.br\/site\/wp-content\/uploads\/2021\/04\/Biopol_Sache.jpg 2083w, https:\/\/bioalfa.com.br\/site\/wp-content\/uploads\/2021\/04\/Biopol_Sache-300x225.jpg 300w, https:\/\/bioalfa.com.br\/site\/wp-content\/uploads\/2021\/04\/Biopol_Sache-1024x768.jpg 1024w, https:\/\/bioalfa.com.br\/site\/wp-content\/uploads\/2021\/04\/Biopol_Sache-768x576.jpg 768w, https:\/\/bioalfa.com.br\/site\/wp-content\/uploads\/2021\/04\/Biopol_Sache-1536x1152.jpg 1536w, https:\/\/bioalfa.com.br\/site\/wp-content\/uploads\/2021\/04\/Biopol_Sache-2048x1536.jpg 2048w\" sizes=\"(max-width: 2083px) 100vw, 2083px\" \/>\t\t\t\t\t\t\n\t\t\t\t\t<\/div>\n\t\t\t\t\t\t<\/a>\t\t\n<style scope=\"scope\">\n\n#image_2035889949 {\n  width: 100%;\n}\n<\/style>\n\t<\/div>\n\t\n\t\t<\/div>\n\t<\/div>\n\n\t\n<\/div>\n     <\/div>\n\n     <div class=\"loading-spin dark large centered\"><\/div>\n\n     <style scope=\"scope\">\n                    #slider-1395139221 .flickity-slider > *{ max-width: 30%!important;\n              <\/style>\n<\/div>\n\n\n\t\t<\/div>\n\n\t\t\n<style scope=\"scope\">\n\n#section_620632796 {\n  padding-top: 75px;\n  padding-bottom: 75px;\n}\n<\/style>\n\t<\/section>\n\t\n","protected":false},"excerpt":{"rendered":"","protected":false},"author":1,"featured_media":0,"parent":0,"menu_order":0,"comment_status":"closed","ping_status":"closed","template":"page-blank.php","meta":[],"_links":{"self":[{"href":"https:\/\/bioalfa.com.br\/site\/wp-json\/wp\/v2\/pages\/138"}],"collection":[{"href":"https:\/\/bioalfa.com.br\/site\/wp-json\/wp\/v2\/pages"}],"about":[{"href":"https:\/\/bioalfa.com.br\/site\/wp-json\/wp\/v2\/types\/page"}],"author":[{"embeddable":true,"href":"https:\/\/bioalfa.com.br\/site\/wp-json\/wp\/v2\/users\/1"}],"replies":[{"embeddable":true,"href":"https:\/\/bioalfa.com.br\/site\/wp-json\/wp\/v2\/comments?post=138"}],"version-history":[{"count":17,"href":"https:\/\/bioalfa.com.br\/site\/wp-json\/wp\/v2\/pages\/138\/revisions"}],"predecessor-version":[{"id":433,"href":"https:\/\/bioalfa.com.br\/site\/wp-json\/wp\/v2\/pages\/138\/revisions\/433"}],"wp:attachment":[{"href":"https:\/\/bioalfa.com.br\/site\/wp-json\/wp\/v2\/media?parent=138"}],"curies":[{"name":"wp","href":"https:\/\/api.w.org\/{rel}","templated":true}]}}